{"id":8,"date":"2022-11-30T03:18:17","date_gmt":"2022-11-30T03:18:17","guid":{"rendered":"http:\/\/materialeslamisericordia.com.mx.previewc75.carrierzone.com\/?page_id=8"},"modified":"2022-12-01T18:56:42","modified_gmt":"2022-12-01T18:56:42","slug":"acerca-de","status":"publish","type":"page","link":"http:\/\/materialeslamisericordia.com.mx.previewc75.carrierzone.com\/?page_id=8","title":{"rendered":"Acerca de"},"content":{"rendered":"\n<div class=\"wp-block-cover alignfull\" style=\"min-height:200px;aspect-ratio:unset;\"><span aria-hidden=\"true\" class=\"wp-block-cover__background has-nv-site-bg-background-color has-background-dim-100 has-background-dim\"><\/span><div class=\"wp-block-cover__inner-container is-layout-flow wp-block-cover-is-layout-flow\">\n<div class=\"wp-block-group\"><div class=\"wp-block-group__inner-container is-layout-flow wp-block-group-is-layout-flow\">\n<h1 class=\"has-text-align-left has-neve-text-color-color has-text-color wp-block-heading\">Somos<\/h1>\n<\/div><\/div>\n<\/div><\/div>\n\n\n\n<div class=\"wp-block-cover alignfull\" style=\"min-height:600px;aspect-ratio:unset;\"><span aria-hidden=\"true\" class=\"wp-block-cover__background has-nv-light-bg-background-color has-background-dim-100 has-background-dim\"><\/span><div class=\"wp-block-cover__inner-container is-layout-flow wp-block-cover-is-layout-flow\">\n<div class=\"wp-block-group\"><div class=\"wp-block-group__inner-container is-layout-flow wp-block-group-is-layout-flow\">\n<div style=\"height:80px\" aria-hidden=\"true\" class=\"wp-block-spacer\"><\/div>\n\n\n\n<div class=\"wp-block-columns are-vertically-aligned-center is-layout-flex wp-container-core-columns-is-layout-9d6595d7 wp-block-columns-is-layout-flex\">\n<div class=\"wp-block-column is-vertically-aligned-center is-layout-flow wp-block-column-is-layout-flow\" style=\"flex-basis:50%\">\n<figure class=\"wp-block-image size-full size-large\"><img loading=\"lazy\" decoding=\"async\" width=\"526\" height=\"526\" src=\"http:\/\/materialeslamisericordia.com.mx.previewc75.carrierzone.com\/wp-content\/uploads\/2022\/12\/somos.jpeg\" alt=\"\" class=\"wp-image-133\" srcset=\"http:\/\/materialeslamisericordia.com.mx.previewc75.carrierzone.com\/wp-content\/uploads\/2022\/12\/somos.jpeg 526w, http:\/\/materialeslamisericordia.com.mx.previewc75.carrierzone.com\/wp-content\/uploads\/2022\/12\/somos-300x300.jpeg 300w, http:\/\/materialeslamisericordia.com.mx.previewc75.carrierzone.com\/wp-content\/uploads\/2022\/12\/somos-150x150.jpeg 150w\" sizes=\"auto, (max-width: 526px) 100vw, 526px\" \/><\/figure>\n<\/div>\n\n\n\n<div class=\"wp-block-column is-vertically-aligned-center is-layout-flow wp-block-column-is-layout-flow\" style=\"flex-basis:50%\">\n<p class=\"has-neve-text-color-color has-text-color\">Ofrecemos una completa gama de servicios de construcci\u00f3n. Nuestro equipo cuenta con muchos a\u00f1os de experiencia en la industria, le ofrecemos siempre las opciones que necesita junto con la asombrosa mano de obra que usted merece. Si est\u00e1 buscando servicios confiables, eficientes y rentables para la construcci\u00f3n, conf\u00ede en nosotros para hacer que su proyecto se realice correctamente.<\/p>\n\n\n\n<p class=\"has-neve-text-color-color has-text-color\">\u00a1Somos la mejor elecci\u00f3n en las \u00e1reas inmediata y de los alrededores! Sin importar la etapa de construcci\u00f3n en que est\u00e9, ya sea en los primeros borradores o despu\u00e9s de la compra de los materiales, contamos con un equipo para ayudarle a tiempo y dentro del presupuesto. No dude en contactarnos para solicitar una cotizaci\u00f3n, siempre estaremos encantados de contestar sus preguntas y le prometemos que no quedar\u00e1 decepcionado.<\/p>\n<\/div>\n<\/div>\n\n\n\n<div style=\"height:40px\" aria-hidden=\"true\" class=\"wp-block-spacer\"><\/div>\n<\/div><\/div>\n<\/div><\/div>\n\n\n\n<div class=\"wp-block-cover alignfull is-light\" style=\"min-height:600px;aspect-ratio:unset;\"><span aria-hidden=\"true\" class=\"wp-block-cover__background has-background-dim-100 has-background-dim has-background-gradient\" style=\"background:linear-gradient(135deg,rgb(2,62,107) 0%,rgb(40,116,252) 100%)\"><\/span><div class=\"wp-block-cover__inner-container is-layout-flow wp-block-cover-is-layout-flow\">\n<div class=\"wp-block-group\"><div class=\"wp-block-group__inner-container is-layout-flow wp-block-group-is-layout-flow\">\n<div style=\"height:80px\" aria-hidden=\"true\" class=\"wp-block-spacer\"><\/div>\n\n\n\n<div class=\"wp-block-columns are-vertically-aligned-center is-layout-flex wp-container-core-columns-is-layout-9d6595d7 wp-block-columns-is-layout-flex\">\n<div class=\"wp-block-column is-vertically-aligned-center is-layout-flow wp-block-column-is-layout-flow\" style=\"flex-basis:50%\">\n<h2 class=\"has-nv-text-dark-bg-color has-text-color wp-block-heading\">Misi\u00f3n<\/h2>\n\n\n\n<p class=\"has-nv-text-dark-bg-color has-text-color\">Impulsar el crecimiento de la empresa y de nuestros clientes, distribuyendo productos y materiales de alta calidad, para asi garantizar la satisfaccion y confianza que en ella depositan colaboradores y socios comerciales.<\/p>\n\n\n\n<h2 class=\"has-nv-text-dark-bg-color has-text-color wp-block-heading\">Visi\u00f3n<\/h2>\n\n\n\n<p class=\"has-nv-text-dark-bg-color has-text-color\">Ser una empresa lider en el ramo de la construccion, bajo un codigo de transparencia, responsabilidad, integridad y respeto en nuestro entorno.<\/p>\n\n\n\n<h2 class=\"has-nv-text-dark-bg-color has-text-color wp-block-heading\">Nuestros Valores<\/h2>\n\n\n\n<p class=\"has-nv-text-dark-bg-color has-text-color\">Ser una empresa lider en el ramo de la construccion, bajo un codigo de transparencia, responsabilidad, integridad y respeto en nuestro entorno.<\/p>\n\n\n\n<ul class=\"has-nv-site-bg-color has-text-color wp-block-list\">\n<li>Compromiso<\/li>\n\n\n\n<li>Integridad<\/li>\n\n\n\n<li>Disciplina\u00a0<\/li>\n\n\n\n<li>Lealtad\u00a0<\/li>\n\n\n\n<li>Trabajo en equipo<\/li>\n<\/ul>\n\n\n\n<div style=\"height:20px\" aria-hidden=\"true\" class=\"wp-block-spacer\"><\/div>\n\n\n\n<div class=\"wp-block-buttons is-layout-flex wp-block-buttons-is-layout-flex\"><\/div>\n\n\n\n<div style=\"height:20px\" aria-hidden=\"true\" class=\"wp-block-spacer\"><\/div>\n<\/div>\n\n\n\n<div class=\"wp-block-column is-vertically-aligned-center is-layout-flow wp-block-column-is-layout-flow\" style=\"flex-basis:50%\">\n<figure class=\"wp-block-image size-full\"><img loading=\"lazy\" decoding=\"async\" width=\"800\" height=\"800\" src=\"http:\/\/materialeslamisericordia.com.mx.previewc75.carrierzone.com\/wp-content\/uploads\/2022\/12\/somos2.jpeg\" alt=\"\" class=\"wp-image-134\" srcset=\"http:\/\/materialeslamisericordia.com.mx.previewc75.carrierzone.com\/wp-content\/uploads\/2022\/12\/somos2.jpeg 800w, http:\/\/materialeslamisericordia.com.mx.previewc75.carrierzone.com\/wp-content\/uploads\/2022\/12\/somos2-300x300.jpeg 300w, http:\/\/materialeslamisericordia.com.mx.previewc75.carrierzone.com\/wp-content\/uploads\/2022\/12\/somos2-150x150.jpeg 150w, http:\/\/materialeslamisericordia.com.mx.previewc75.carrierzone.com\/wp-content\/uploads\/2022\/12\/somos2-768x768.jpeg 768w\" sizes=\"auto, (max-width: 800px) 100vw, 800px\" \/><\/figure>\n<\/div>\n<\/div>\n\n\n\n<div style=\"height:40px\" aria-hidden=\"true\" class=\"wp-block-spacer\"><\/div>\n<\/div><\/div>\n<\/div><\/div>\n","protected":false},"excerpt":{"rendered":"","protected":false},"author":1,"featured_media":0,"parent":0,"menu_order":0,"comment_status":"closed","ping_status":"closed","template":"","meta":{"neve_meta_sidebar":"","neve_meta_container":"","neve_meta_enable_content_width":"on","neve_meta_content_width":100,"neve_meta_title_alignment":"","neve_meta_author_avatar":"","neve_post_elements_order":"","neve_meta_disable_header":"","neve_meta_disable_footer":"","neve_meta_disable_title":"on","footnotes":""},"class_list":["post-8","page","type-page","status-publish","hentry"],"_links":{"self":[{"href":"http:\/\/materialeslamisericordia.com.mx.previewc75.carrierzone.com\/index.php?rest_route=\/wp\/v2\/pages\/8","targetHints":{"allow":["GET"]}}],"collection":[{"href":"http:\/\/materialeslamisericordia.com.mx.previewc75.carrierzone.com\/index.php?rest_route=\/wp\/v2\/pages"}],"about":[{"href":"http:\/\/materialeslamisericordia.com.mx.previewc75.carrierzone.com\/index.php?rest_route=\/wp\/v2\/types\/page"}],"author":[{"embeddable":true,"href":"http:\/\/materialeslamisericordia.com.mx.previewc75.carrierzone.com\/index.php?rest_route=\/wp\/v2\/users\/1"}],"replies":[{"embeddable":true,"href":"http:\/\/materialeslamisericordia.com.mx.previewc75.carrierzone.com\/index.php?rest_route=%2Fwp%2Fv2%2Fcomments&post=8"}],"version-history":[{"count":7,"href":"http:\/\/materialeslamisericordia.com.mx.previewc75.carrierzone.com\/index.php?rest_route=\/wp\/v2\/pages\/8\/revisions"}],"predecessor-version":[{"id":141,"href":"http:\/\/materialeslamisericordia.com.mx.previewc75.carrierzone.com\/index.php?rest_route=\/wp\/v2\/pages\/8\/revisions\/141"}],"wp:attachment":[{"href":"http:\/\/materialeslamisericordia.com.mx.previewc75.carrierzone.com\/index.php?rest_route=%2Fwp%2Fv2%2Fmedia&parent=8"}],"curies":[{"name":"wp","href":"https:\/\/api.w.org\/{rel}","templated":true}]}}